{"id":9067,"date":"2026-04-14T21:44:44","date_gmt":"2026-04-14T21:44:44","guid":{"rendered":"https:\/\/heinrich.cl\/ggh2\/?page_id=9067"},"modified":"2026-04-14T21:46:14","modified_gmt":"2026-04-14T21:46:14","slug":"ggh","status":"publish","type":"page","link":"https:\/\/heinrich.cl\/ggh2\/ggh\/","title":{"rendered":"FRENTE A LA VULNERACI\u00d3N DE LA SEGURIDAD AL INTERIOR DEL COLEGIO"},"content":{"rendered":"<p>&nbsp;<\/p>\n<p><strong>PROTOCOLO DE \u00a0ACTUACI\u00d3N<\/strong><\/p>\n<p><strong>FRENTE A LA VULNERACI\u00d3N DE LA SEGURIDAD AL INTERIOR DEL COLEGIO<\/strong><\/p>\n<p><strong>\u00a0<\/strong><\/p>\n<p>Debido a las distintas \u00a0situaciones de vulneraci\u00f3n de seguridad en establecimientos educacionales que se han presentado en todo el territorio nacional, nuestro colegio Centro Educacional Profesor Guillermo Gonz\u00e1lez Heinrich\u00a0 no est\u00e1 exento, es que como instituci\u00f3n vemos necesario poner a disposici\u00f3n de toda nuestra Comunidad Educativa este protocolo que nos permitir\u00e1 actuar de manera controlada y efectiva ante una amenaza o contingencia de este tipo. Bajo la premisa que todas las amenazas se deben atender como si fueran ciertas y ante \u00e9stas se debe de actuar con prontitud y cautela, sin entrar en p\u00e1nico y siempre mostrando calma ante los y las estudiantes.<\/p>\n<p><strong>EL objetivo de este Protocolo<\/strong> es entregar las instrucciones y procedimientos b\u00e1sicos necesarios para enfrentar una potencial emergencia o una emergencia en curso, proporcionando una adecuada protecci\u00f3n de la vida e integridad f\u00edsica de las personas que participan a diario de las actividades que se desarrollan en el establecimiento.<\/p>\n<p>&nbsp;<\/p>\n<ol>\n<li><strong>Amenaza de atentado. <\/strong><\/li>\n<\/ol>\n<p>Al recibir una amenaza de atentado o tiroteo en el centro educativo se debe llamar de inmediato a la autoridad (Carabineros o PDI). Destacar \u00a0que no se debe desestimar ninguna amenaza ni actuar bajo supuestos.<\/p>\n<ul>\n<li>Ante la amenaza, los miembros de la Comunidad Educativa deben actuar seg\u00fan las indicaciones de la autoridad (Carabineros o PDI), en ning\u00fan caso por iniciativa propia.<\/li>\n<li>Quien reciba la amenaza verbal debe poner atenci\u00f3n a todas las caracter\u00edsticas o detalles relevantes de la persona, como por ejemplo: escuchar el timbre de voz, si manifiesta nerviosismo o risa, si se escuchan otras personas con ella, entre otros, \u00a0Recabar la mayor informaci\u00f3n posible del interlocutor.<\/li>\n<\/ul>\n<p>&nbsp;<\/p>\n<p><strong>En caso de que la amenaza sea por medio de las\u00a0 redes sociales,\u00a0 rayados, panfletos u otros medios escritos :<\/strong><\/p>\n<ul>\n<li>Sacar una foto o pantallazo de la amenaza y entregar a Direcci\u00f3n o a Inspector\u00eda General.<\/li>\n<li>El integrante adulto de la comunidad educativa\u00a0 que reciba el aviso o amenaza debe informar de manera inmediata a la Direcci\u00f3n del colegio.<\/li>\n<li>La persona encargada de activar el protocolo, es la Directora del Establecimiento. En ausencia se har\u00e1 cargo el Inspector General.<\/li>\n<li>Inspector\u00eda General\u00a0 se har\u00e1 cargo de la aplicaci\u00f3n y coordinaci\u00f3n del protocolo. En su ausencia en horario normal de trabajo, la Direcci\u00f3n del colegio ser\u00e1 la encargada de nombrar un subrogante.<\/li>\n<li>Direcci\u00f3n e Inspector\u00eda General deber\u00e1n coordinar las acciones a seguir frente a una posible amenaza a la comunidad educativa y traspasar a los estamentos correspondientes. Estas acciones podr\u00edan ser:<\/li>\n<li>Alejar a los y las integrantes de la comunidad educativa de los lugares de mayor riesgo.<\/li>\n<li>Se debe consultar a las autoridades correspondientes (Carabineros, PDI y Bomberos) la necesidad de implementar una evacuaci\u00f3n. Para tal efecto se avisar\u00e1 a los apoderados por los medios tecnol\u00f3gicos que est\u00e9n al alcance del establecimiento en ese momento.<\/li>\n<li>Cada profesor que se encuentre en el aula ser\u00e1 el responsable del grupo de estudiantes que tenga a su cargo en ese momento, debiendo realizar una labor de contenci\u00f3n, manteniendo la calma y el control de sus acciones.<\/li>\n<li>Los Docentes que se encuentren en otras dependencias deber\u00e1n apoyar las acciones que determine la direcci\u00f3n siguiendo las indicaciones de Inspector\u00eda General.<\/li>\n<li>Los asistentes de la educaci\u00f3n deber\u00e1n ocupar las posiciones y funciones que defina Direcci\u00f3n, que dispondr\u00e1 de personal en cada uno de los accesos del colegio a fin de agilizar la salida de los y las estudiantes \u00a0de manera fluida. El departamento de Integraci\u00f3n Escolar (PIE) ser\u00e1n los responsables de acompa\u00f1ar a los y las estudiantes con alguna Necesidad Educativa Especial Permanente.<\/li>\n<li>Inspector\u00eda General, coordinar\u00e1 con el personal a su cargo la asistencia a personas con movilidad reducida.<\/li>\n<li>Inspector\u00eda General, asignar\u00e1 a una o m\u00e1s personas la funci\u00f3n de verificar en salas y espacios comunes del colegio que no existan rezagados.<\/li>\n<li>Solo se permitir\u00e1 la salida y entrega de los alumnos a los apoderados o tutores autorizados. Seg\u00fan la emergencia, la salida de los estudiantes del establecimiento se realizar\u00e1 por su acceso principal (Av. Jos\u00e9 Pedro Alessandri N\u00ba 352 o por la calle Juan Enrique Concha N\u00ba 347).<\/li>\n<li>La Direcci\u00f3n evaluar\u00e1 e indicar\u00e1 el momento de retorno a las actividades una vez que considere que no hay una situaci\u00f3n de peligro.<\/li>\n<li>Posterior a la emergencia la Direcci\u00f3n de nuestro establecimiento solicitar\u00e1 a Convivencia Escolar una investigaci\u00f3n de causales y un informe de la situaci\u00f3n.<\/li>\n<li>Una vez que se cuente con los resultados de la investigaci\u00f3n de la autoridad competente y en caso que la justicia determine la responsabilidad en los hechos de alg\u00fan estudiante del establecimiento, se tomaran las medidas disciplinarias que establezca nuestro Reglamento Interno de Convivencia\u00a0 Escolar y la aplicaci\u00f3n de Aula Segura.<\/li>\n<\/ul>\n<p>&nbsp;<\/p>\n<ol start=\"2\">\n<li><strong>En caso de uso de armas<\/strong><\/li>\n<\/ol>\n<p><strong>\u00a0<\/strong><\/p>\n<ul>\n<li>Estudiantes y docentes deben permanecer en la sala de clases, recostados boca abajo, con los brazos al costado, alejados de puertas y ventanas.<\/li>\n<li>Una persona asignada por la Direcci\u00f3n, deber\u00e1 mantener comunicaci\u00f3n constante durante el evento con un contacto con las autoridades (PDI o Carabineros).<\/li>\n<li>Quienes se encuentren fuera del aula, deber\u00e1n buscar e ir al espacio seguro m\u00e1s cercano. Estar pendientes a las indicaciones de los Inspectores tutores asignados por sector.<\/li>\n<li>Cualquier adulto que detecte a una persona con movilidad reducida o paralizada por el miedo o el llanto, le deber\u00e1 prestar apoyo para ponerse a resguardo.<\/li>\n<li>Si hay apoderados en la entrada del establecimiento, estos deben ingresar a un lugar seguro.<\/li>\n<li>De ser posible cerrar ventanas y puertas<strong>. <\/strong><\/li>\n<li>Tranquilizar a quienes gritan, a los que hacen bromas o difunden rumores en el momento de la crisis.<\/li>\n<li>No asomarse por puertas o ventanas.<\/li>\n<li>No entrar en contacto con las o los agresores, ni tomar fotograf\u00edas o videos del suceso.<\/li>\n<li>Si alguien resulta herido, las encargadas de primeros auxilios deber\u00e1n brindarles asistencia.<\/li>\n<li>Evitar que cualquier miembro de la comunidad Educativa, se acerquen a la escena y toquen las evidencias del hecho.<\/li>\n<li>Posterior a la emergencia la Direcci\u00f3n de nuestro establecimiento solicitar\u00e1 a Convivencia Escolar una investigaci\u00f3n de causales y un informe de la situaci\u00f3n.<\/li>\n<li>En los d\u00edas posteriores al suceso se implementar\u00e1n medidas de contenci\u00f3n para los integrantes de la Comunidad Educativa.<\/li>\n<li>Posterior al suceso se seguir\u00e1n las acciones legales indicadas por las autoridades pertinentes.<\/li>\n<li>Una vez que el colegio cuente con los resultados de la investigaci\u00f3n de la autoridad competente y en caso que la justicia determine la responsabilidad en los hechos de alg\u00fan estudiante del establecimiento, se tomar\u00e1n las medidas disciplinarias que establezca nuestro Reglamento Interno de Convivencia Escolar y la Aplicaci\u00f3n de Aula Segura.<\/li>\n<\/ul>\n","protected":false},"excerpt":{"rendered":"<p>&nbsp; PROTOCOLO DE \u00a0ACTUACI\u00d3N FRENTE A LA VULNERACI\u00d3N DE LA SEGURIDAD AL INTERIOR DEL COLEGIO \u00a0 Debido a las distintas \u00a0situaciones de vulneraci\u00f3n de seguridad en establecimientos educacionales que se han presentado en todo el territorio nacional, nuestro colegio Centro Educacional Profesor Guillermo Gonz\u00e1lez Heinrich\u00a0 no est\u00e1 exento, es que como instituci\u00f3n vemos necesario poner [&hellip;]<\/p>\n","protected":false},"author":3,"featured_media":0,"parent":0,"menu_order":0,"comment_status":"closed","ping_status":"closed","template":"","meta":[],"_links":{"self":[{"href":"https:\/\/heinrich.cl\/ggh2\/wp-json\/wp\/v2\/pages\/9067"}],"collection":[{"href":"https:\/\/heinrich.cl\/ggh2\/wp-json\/wp\/v2\/pages"}],"about":[{"href":"https:\/\/heinrich.cl\/ggh2\/wp-json\/wp\/v2\/types\/page"}],"author":[{"embeddable":true,"href":"https:\/\/heinrich.cl\/ggh2\/wp-json\/wp\/v2\/users\/3"}],"replies":[{"embeddable":true,"href":"https:\/\/heinrich.cl\/ggh2\/wp-json\/wp\/v2\/comments?post=9067"}],"version-history":[{"count":3,"href":"https:\/\/heinrich.cl\/ggh2\/wp-json\/wp\/v2\/pages\/9067\/revisions"}],"predecessor-version":[{"id":9072,"href":"https:\/\/heinrich.cl\/ggh2\/wp-json\/wp\/v2\/pages\/9067\/revisions\/9072"}],"wp:attachment":[{"href":"https:\/\/heinrich.cl\/ggh2\/wp-json\/wp\/v2\/media?parent=9067"}],"curies":[{"name":"wp","href":"https:\/\/api.w.org\/{rel}","templated":true}]}}