{"id":5367,"date":"2021-01-08T16:31:50","date_gmt":"2021-01-08T16:31:50","guid":{"rendered":"http:\/\/heinrich.cl\/ggh2\/?page_id=5367"},"modified":"2021-01-09T06:38:52","modified_gmt":"2021-01-09T06:38:52","slug":"practicas-empresas","status":"publish","type":"page","link":"http:\/\/heinrich.cl\/ggh2\/practicas-empresas\/","title":{"rendered":"Practicas &#038; Empresas"},"content":{"rendered":"<p>&nbsp;<\/p>\n<table style=\"border-collapse: collapse; width: 678px; height: 32px;\" border=\"0\" width=\"160\" cellspacing=\"0\" cellpadding=\"0\">\n<colgroup>\n<col style=\"width: 60pt;\" span=\"2\" width=\"80\" \/> <\/colgroup>\n<tbody>\n<tr style=\"height: 16.5pt;\">\n<td class=\"xl65\" style=\"height: 16.5pt; width: 60pt;\" width=\"80\" height=\"22\"><img loading=\"lazy\" class=\"aligncenter wp-image-5206\" src=\"http:\/\/heinrich.cl\/ggh2\/wp-content\/uploads\/2020\/10\/descarga-1.png\" alt=\"\" width=\"108\" height=\"108\" srcset=\"http:\/\/heinrich.cl\/ggh2\/wp-content\/uploads\/2020\/10\/descarga-1.png 225w, http:\/\/heinrich.cl\/ggh2\/wp-content\/uploads\/2020\/10\/descarga-1-150x150.png 150w, http:\/\/heinrich.cl\/ggh2\/wp-content\/uploads\/2020\/10\/descarga-1-184x184.png 184w, http:\/\/heinrich.cl\/ggh2\/wp-content\/uploads\/2020\/10\/descarga-1-188x188.png 188w, http:\/\/heinrich.cl\/ggh2\/wp-content\/uploads\/2020\/10\/descarga-1-56x56.png 56w\" sizes=\"(max-width: 108px) 100vw, 108px\" \/><\/td>\n<td class=\"xl65\" style=\"border-left: none; width: 60pt;\" width=\"80\">\n<h2 style=\"text-align: center;\"><strong><span style=\"color: #800000;\">PRESTIGIOSAS EMPRESAS<\/span><\/strong><\/h2>\n<h2 style=\"text-align: center;\"><strong><span style=\"color: #800000;\">QUE HAN OTORGADO<\/span><\/strong><\/h2>\n<h2 style=\"text-align: center;\"><strong><span style=\"color: #800000;\">PRACTICAS PROFECIONALES<\/span><\/strong><\/h2>\n<\/td>\n<\/tr>\n<\/tbody>\n<\/table>\n<p>&nbsp;<\/p>\n<p style=\"text-align: left;\">\u00a0 \u00a0 \u00a0 \u00a0 \u00a0 \u00a0 \u00a0 \u00a0 \u00a0 \u00a0 \u00a0 \u00a0 \u00a0 \u00a0 \u00a0 \u00a0 \u00a0 \u00a0<span style=\"color: #000080;\"><em><strong> SELECCIONE ESPECIALIDAD PARA VER EMPRESAS<\/strong><\/em><\/span><\/p>\n<p>&nbsp;<\/p>\n<p>&nbsp;<\/p>\n<table border=\"\">\n<tbody>\n<tr>\n<td style=\"text-align: center;\" bgcolor=\"RED\">\n<h2><a href=\"http:\/\/heinrich.cl\/ggh2\/wp-content\/uploads\/2021\/01\/administracion.pdf\" target=\"_blank\" rel=\"noopener\"><span style=\"color: #ffffff;\"><em>ADMINISTRACI\u00d3N<\/em><\/span><\/a><\/h2>\n<\/td>\n<td style=\"text-align: center;\" bgcolor=\"BLUE\">\n<h2><a href=\"http:\/\/heinrich.cl\/ggh2\/wp-content\/uploads\/2021\/01\/contabilidad.pdf\" target=\"_blank\" rel=\"noopener\"><span style=\"color: #ffffff;\"><em>CONTABILIDAD<\/em><\/span><\/a><\/h2>\n<\/td>\n<td style=\"text-align: center;\" bgcolor=\"RED\">\n<h2><a href=\"http:\/\/heinrich.cl\/ggh2\/wp-content\/uploads\/2021\/01\/ENFERMERIA.pdf\" target=\"_blank\" rel=\"noopener\"><span style=\"color: #ffffff;\"><em>ENFERMERIA<\/em><\/span><\/a><\/h2>\n<\/td>\n<\/tr>\n<tr>\n<td style=\"text-align: center;\" bgcolor=\"blue\">\n<h2><a href=\"http:\/\/heinrich.cl\/ggh2\/wp-content\/uploads\/2021\/01\/ELECTRONICA.pdf\" target=\"_blank\" rel=\"noopener\"><span style=\"color: #ffffff;\"><em>ELECTR\u00d3NICA &amp; ELECTRICIDAD<\/em><\/span><\/a><\/h2>\n<\/td>\n<td style=\"text-align: center;\" bgcolor=\"RED\">\n<h2><a href=\"http:\/\/heinrich.cl\/ggh2\/wp-content\/uploads\/2021\/01\/TURISMO.pdf\" target=\"_blank\" rel=\"noopener\"><span style=\"color: #ffffff;\"><em>TURISMO<\/em><\/span><\/a><\/h2>\n<\/td>\n<td style=\"text-align: center;\" bgcolor=\"blue\">\n<h2><a href=\"http:\/\/heinrich.cl\/ggh2\/wp-content\/uploads\/2021\/01\/MECANICA.pdf\" target=\"_blank\" rel=\"noopener\"><span style=\"color: #ffffff;\"><em>MEC\u00c1NICA<\/em><\/span><\/a><\/h2>\n<\/td>\n<\/tr>\n<\/tbody>\n<\/table>\n<p>&nbsp;<\/p>\n<table style=\"height: 66px;\" border=\"\" width=\"823\">\n<tbody>\n<tr>\n<td bgcolor=\"RED\"><\/td>\n<td bgcolor=\"BLUE\">\n<h2 style=\"text-align: center;\"><a href=\"http:\/\/heinrich.cl\/ggh2\/wp-content\/uploads\/2021\/01\/GASTRONOMIA.pdf\" target=\"_blank\" rel=\"noopener\"><span style=\"color: #ffffff;\">GASTRONOMIA<\/span><\/a><\/h2>\n<\/td>\n<td bgcolor=\"RED\"><\/td>\n<\/tr>\n<\/tbody>\n<\/table>\n<p>&nbsp;<\/p>\n","protected":false},"excerpt":{"rendered":"<p>&nbsp; PRESTIGIOSAS EMPRESAS QUE HAN OTORGADO PRACTICAS PROFECIONALES &nbsp; \u00a0 \u00a0 \u00a0 \u00a0 \u00a0 \u00a0 \u00a0 \u00a0 \u00a0 \u00a0 \u00a0 \u00a0 \u00a0 \u00a0 \u00a0 \u00a0 \u00a0 \u00a0 SELECCIONE ESPECIALIDAD PARA VER EMPRESAS &nbsp; &nbsp; ADMINISTRACI\u00d3N CONTABILIDAD ENFERMERIA ELECTR\u00d3NICA &amp; ELECTRICIDAD TURISMO MEC\u00c1NICA &nbsp; GASTRONOMIA &nbsp;<\/p>\n","protected":false},"author":3,"featured_media":0,"parent":0,"menu_order":0,"comment_status":"closed","ping_status":"closed","template":"","meta":[],"_links":{"self":[{"href":"http:\/\/heinrich.cl\/ggh2\/wp-json\/wp\/v2\/pages\/5367"}],"collection":[{"href":"http:\/\/heinrich.cl\/ggh2\/wp-json\/wp\/v2\/pages"}],"about":[{"href":"http:\/\/heinrich.cl\/ggh2\/wp-json\/wp\/v2\/types\/page"}],"author":[{"embeddable":true,"href":"http:\/\/heinrich.cl\/ggh2\/wp-json\/wp\/v2\/users\/3"}],"replies":[{"embeddable":true,"href":"http:\/\/heinrich.cl\/ggh2\/wp-json\/wp\/v2\/comments?post=5367"}],"version-history":[{"count":90,"href":"http:\/\/heinrich.cl\/ggh2\/wp-json\/wp\/v2\/pages\/5367\/revisions"}],"predecessor-version":[{"id":5472,"href":"http:\/\/heinrich.cl\/ggh2\/wp-json\/wp\/v2\/pages\/5367\/revisions\/5472"}],"wp:attachment":[{"href":"http:\/\/heinrich.cl\/ggh2\/wp-json\/wp\/v2\/media?parent=5367"}],"curies":[{"name":"wp","href":"https:\/\/api.w.org\/{rel}","templated":true}]}}